*v + 288 = 0. Let q be v/(-28)*84/9. Calculate the highest common factor of q and d.
12
Suppose 7*c = -64 + 568. What is the greatest common divisor of c and 576?
72
Let d(l) = l**2 + 20*l - 164. Let z be d(7). What is the greatest common factor of z and 1?
1
Let w = 42 - 46. Let g(k) = -k + 2. Let c be g(w). What is the greatest common divisor of c and 24?
6
Suppose -s = -0*s - 2. Suppose 5*p + 0*a - 45 = 2*a, 0 = 4*p + s*a - 36. Calculate the greatest common divisor of 144 and p.
9
Let v be 20 - 16/(-20)*(-4 + 9). Calculate the greatest common divisor of v and 312.
24
Suppose 2*r - r + 5*x - 117 = 0, -3*r = 2*x - 286. Calculate the greatest common divisor of 20 and r.
4
Suppose 0 = -4*p + 792 + 936. What is the greatest common factor of 64 and p?
16
Let n = -302 + 315. What is the highest common factor of n and 533?
13
Let s(l) = 2*l**2 + 5*l + 2. Let u be s(-5). Suppose 22*i + 207 = 273. Calculate the greatest common factor of i and u.
3
Let w(o) = o**3 + 11*o**2 + 9*o + 15. Let d be w(-10). Suppose 6*p = d*p - 3553. What is the greatest common factor of 17 and p?
17
Suppose -5*r - 15 - 185 = -4*c, -150 = -3*c + 3*r. What is the highest common divisor of c and 10?
10
Suppose 14*i - 4118 = 3582. Calculate the greatest common divisor of 50 and i.
50
Let j = 4 - 6. Let w be (-6)/j + (-580)/10. Let u = 57 - w. Calculate the greatest common factor of 14 and u.
14
Let q = 1952 - 1152. Suppose -18*v + 10*v = -q. Calculate the highest common divisor of v and 20.
20
Suppose 241 = -4*m + 273. Calculate the highest common factor of m and 568.
8
Let q be 20/8*((-1890)/(-25) - 6). What is the greatest common factor of q and 12?
6
Let w be (-16)/6*(7 + -4). Let k(u) = -u**3 - 6*u**2 + 6*u + 10. Let p be k(w). Suppose 7*c - 30 = 4*c. Calculate the greatest common factor of c and p.
10
Let s = 11 - 8. Let v be (-12)/((-51)/16 + s). Let g = -12 - -28. What is the highest common factor of v and g?
16
Let t be (9008/(-44))/(-4) - (-2)/(-11). Calculate the highest common factor of t and 68.
17
Let v be 3/(-6)*0/(-4). Suppose v = -3*b + b + 8. Suppose g - 35 = -r, -b*g + 88 = -5*r - 61. Calculate the highest common factor of 18 and g.
18
Let r be (-1)/(3*4/(-48)). Let k be (4/(12/(-129)))/(-1). Suppose i - r*q = -q - 4, -3*i + k = 2*q. What is the greatest common factor of i and 121?
11
Suppose 323 = u + 215. What is the greatest common divisor of 135 and u?
27
Let s(m) be the third derivative of m**6/120 - m**5/3 + 3*m**4/4 + 23*m**3/6 - 14*m**2. Let p be s(19). Calculate the greatest common factor of p and 4.
4
Suppose 0 = -6*y + 13 + 5. Suppose 4*m - y*m - 7 = 0. Calculate the highest common divisor of m and 56.
7
Suppose 34*v - 33*v = 205. What is the greatest common factor of v and 164?
41
Let r(h) = 39*h**2 - 14*h - 26. Let a be r(-4). Calculate the greatest common divisor of 18 and a.
6
Let x = -105 - -501. What is the highest common factor of 54 and x?
18
Suppose -k = v - 8, 5*k - 46 + 2 = -v. Calculate the highest common divisor of k and 171.
9
Let f = -543 - -923. Calculate the highest common factor of 20 and f.
20
Suppose -2*m + 12*y - 16*y = -1702, 5*m = -2*y + 4231. Calculate the greatest common factor of m and 65.
65
Suppose -57 = z - 88. Suppose z*j - 680 = 26*j. Calculate the greatest common factor of j and 8.
8
Let p = 2441 - 1713. Suppose 3*h - p = -10*h. What is the highest common factor of h and 14?
14
Suppose 12*j - 267 = 1389. What is the greatest common factor of j and 15?
3
Suppose -4*m + 185 = -3*t, m + 2*t + 40 = 2*m. What is the highest common factor of 5 and m?
5
Suppose -49*o + 691 = 103. Calculate the greatest common factor of 96 and o.
12
Let g be 97 + -2 + (2 - 1). Suppose 50*r = -5*r + 1320. What is the greatest common divisor of r and g?
24
Let l be -8 + (-75)/(-9) + 742/6. What is the greatest common factor of l and 558?
62
Suppose -8 = c + 4*s, -5*s = -3*c - 9*s. Calculate the greatest common factor of c and 480.
4
Let i(j) = j**2 + 4*j + 31. Let n(a) = 6*a**2 + 19*a + 156. Let h(t) = 11*i(t) - 2*n(t). Let w be h(9). What is the highest common factor of 16 and w?
2
Let n(l) = 12*l**2 + 4*l - 2. Let u be n(2). Suppose -6*x = -0*x - u. Let o be 72*(2 - (3 - 2)). What is the highest common divisor of x and o?
9
Let s be (-8)/(-6)*66/4. Let c = 921 - 899. Calculate the greatest common divisor of c and s.
22
Let v = 165 + -157. Suppose -k + a + 3*a = -38, 0 = 4*k + 2*a - 206. Let b = 114 - k. Calculate the greatest common factor of v and b.
8
Suppose 217 + 91 = 11*q. Calculate the highest common divisor of 28 and q.
28
Suppose 2*v - 9*v + 224 = 0. What is the highest common divisor of v and 28?
4
Let k = 129 + -64. What is the greatest common divisor of k and 715?
65
Let a = 384 - -6. Calculate the highest common divisor of a and 15.
15
Let p(s) = 5*s**2 + 16*s + 2. Let q be p(-7). What is the greatest common factor of q and 9?
9
Let u = -73 + 85. Suppose 4*q = c - u, c = -3*c + 5*q + 70. What is the highest common factor of c and 30?
10
Suppose 37 = -2*s + 25. Let i be (-44)/s*(-3)/(-2). Suppose 0 = -5*j - i + 91. Calculate the greatest common factor of j and 64.
16
Let u = 2207 - 2189. Calculate the greatest common factor of 11 and u.
1
Let c be (2/(-8))/(3/(-516)). Let z = c + -19. What is the greatest common divisor of 12 and z?
12
Suppose 27*y - 3*n + 53 = 28*y, -n = 3*y - 167. Calculate the greatest common divisor of 6 and y.
2
Let b(x) = -15*x - 2. Let u be (-1)/(-1 + (-9)/(-12)). Suppose 0 = -u*w - 6 + 2. Let y be b(w). What is the highest common divisor of y and 65?
13
Let f be 116/(-8) - 3/(-2). Let s = f - -22. Suppose 0*u - u - 525 = -3*a, -s = -3*u. What is the greatest common divisor of 16 and a?
16
Let s = -12 - -33. Suppose -11*l + 6*l + 70 = 0. What is the highest common factor of l and s?
7
Suppose 21*k - 1149 = -120. Calculate the highest common divisor of 784 and k.
49
Let a = 84 + -100. Let z be -4*8/(a/21) + 3. Let r(d) = 3*d**3 + 2*d**2 - 2*d + 2. Let m be r(2). Calculate the highest common divisor of m and z.
15
Suppose 0 = -7*i + 734 - 20. Let w = -89 + i. Calculate the greatest common factor of 117 and w.
13
Let j = 31 - 10. Suppose -4*h - 4*u - 38 = -5*h, 172 = 4*h + 4*u. Calculate the highest common divisor of j and h.
21
Let y = -261 - -316. Let b = 25 - -8. Calculate the highest common factor of y and b.
11
Let p(r) = r**2 - 7*r - 30. Suppose -5*a = 20, -4*y - 5*a = 12 + 36. Let k be p(y). What is the greatest common factor of 17 and k?
17
Suppose -6*a + 121 + 209 = 0. Suppose -4*p = -2*n + 64, 0*p + p = 2*n - a. Calculate the greatest common divisor of n and 52.
26
Let f be 11/(220/10)*1*130. What is the highest common divisor of f and 35?
5
Let g(p) = -p**3 - 5*p**2 + p - 6. Let q be g(-4). Let z = 30 + q. Suppose -z*d = 4*a - 142 - 202, -4*d + 8 = 0. What is the greatest common factor of 12 and a?
12
Let r = -168 - -190. Let d(w) = -19*w - 2. Let x be d(-3). Calculate the greatest common divisor of x and r.
11
Let c = -6 - -17. Suppose -c*k + 223 = -74. What is the greatest common divisor of 54 and k?
27
Let j(d) = 2*d**2 + 5*d + 3. Let s be j(0). Let q = 10 + -7. Calculate the greatest common factor of q and s.
3
Let q = 221 + -204. What is the greatest common factor of q and 34?
17
Suppose 5*x = o - 98, 0 = -4*x - 4 - 0. What is the greatest common divisor of 3 and o?
3
Suppose -77 = -6*a + 2995. Calculate the highest common factor of 64 and a.
64
Suppose 4*g + 0 = 2*y + 8, -3*g + 9 = -y. Let d be 5/(-20) - 74/(-8). What is the highest common factor of d and y?
3
Let b(c) = 21*c - 187. Let j be b(9). What is the highest common factor of j and 22?
2
Let d be 0 - 9/6*2. Let b be (-2)/8 - (-109)/4. Let z = b - d. Calculate the highest common divisor of z and 6.
6
Suppose 35*a + 2*a - 814 = 0. Calculate the greatest common divisor of 341 and a.
11
Let g be (-6)/(-9)*(68 - 2). Let q = 47 + -71. Let l = q + g. What is the highest common divisor of l and 20?
20
Suppose 117 + 1617 = 34*o. Suppose 0 = 2*f - 3*k - 56, 4*k + 14 = 2*f - 38. Calculate the greatest common factor of o and f.
17
Let k be 9 - (0 + (-1 - 1)). Suppose 4*g + 0*g - 440 = 0. Let x be (76/20 - 3)*g. What is the greatest common divisor of k and x?
11
Let o(k) = 7*k**2 + 5*k - 4. Let v be o(-4). Suppose m - 3*m + 2*u = -28, 4*m + 4*